s of r.
2, 29
Let t(i) = i**2 + 9*i + 12. Let b be t(-8). Suppose 0 = -b*p + 12 + 28. Suppose 5*x - p*x + 315 = 0. List the prime factors of x.
3, 7
Suppose 0 = 4*s + 4, 12*s = -3*b + 16*s + 232. Let c(q) = 9*q**2 + q - 2. Let x be c(-2). Let d = b - x. What are the prime factors of d?
2, 11
Let j = -378 + 677. Let u = j - 208. What are the prime factors of u?
7, 13
Let h = 47 - 16. Suppose m - 13 = l, -3*m - 6*l + h = -l. Suppose 34 = 3*a + q, -4*a + 5*q = -m - 8. List the prime factors of a.
2, 5
Let y(f) = -15*f - 23. Let i = -20 + 10. What are the prime factors of y(i)?
127
Let z be -2 - 83*-2 - 0. Suppose 5*l + 5*n = -10, -5*l - 3 + 5 = -n. Suppose 4*c = -l*c + z. What are the prime factors of c?
41
Let f = -33 + 16. Let w = -17 - f. Suppose d + 3*d - 3*g - 60 = w, -d + 2*g = -15. What are the prime factors of d?
3, 5
Let y(t) = 8*t**2 - 11 - 15*t - 19*t**2 + 10*t**2. List the prime factors of y(-6).
43
Suppose 12*k = 42722 - 6578. List the prime factors of k.
2, 3, 251
Suppose 4*f - 5*s = -47, 3*s - 1 = -2*f + f. What are the prime factors of (36/f)/((-3)/10)?
3, 5
Let z(w) be the third derivative of 0*w - 2*w**2 + 0 - 1/12*w**4 - w**3 + 1/60*w**5. What are the prime factors of z(6)?
2, 3
Let u(l) = 2 - 2*l**2 + l**2 + 7*l - 6*l. Let a be u(0). List the prime factors of 3/a - 54/(-4).
3, 5
Let y = 13112 + -8582. What are the prime factors of y?
2, 3, 5, 151
Let n(y) = 14*y**2 + 18*y + 36. What are the prime factors of n(-5)?
2, 37
Suppose -57 = -3*o + 3*r, 0 = -0*o - o - 5*r + 19. Let y = o - -17. What are the prime factors of y?
2, 3
Let m(t) = -4*t - 7. Let w(z) = z + 2*z - 4*z**2 + 3*z**2 - 12*z. Let q be w(-10). List the prime factors of m(q).
3, 11
Let x be (-2 - -5)*22/3. Suppose -b + x = 2*k, 5*b + 36 = 4*k + 160. What are the prime factors of 4/b*-10*-6?
2, 5
Let w(a) = a**3 + 19*a**2 + 17*a - 19. Let t be w(-18). List the prime factors of ((-24)/t - 3)*9.
3, 7
Suppose -3*g + 216 = 3*z, -14*z - 5*g = -13*z - 56. What are the prime factors of z?
2, 19
Suppose 0 = -7*y + 19 + 16. Suppose -33 = -y*v - 3. Suppose v*f - 22 = 332. What are the prime factors of f?
59
Let h(j) = -12*j**2 + 6*j - 1. Let p be h(2). Let g = -18 - p. What are the prime factors of g?
19
Suppose -1966 = -4*p + 2*m, 3*m = -9 - 6. What are the prime factors of p?
3, 163
Let x be 4*(-3 - (-7)/2). Suppose -1 = 4*m + x*h + 7, 0 = -m + 2*h - 7. What are the prime factors of 172/8*(m + 5)?
43
Let y(b) = -3*b + 1. Let p be y(-1). Let d(z) = 12*z - p + 4 + 1. List the prime factors of d(4).
7
Let i = -16 - -27. Let l = 11 - i. Suppose 4 = -w, n - 2*w - 3*w - 26 = l. List the prime factors of n.
2, 3
Let j = -5 + 12. List the prime factors of (36/j)/(10/70).
2, 3
Suppose 4*x - 3*v = 4027, 1013 = x - 7*v + 5*v. List the prime factors of x.
17, 59
Suppose -4*a - 3*d = -7136, 4*a + 3*d = -a + 8920. List the prime factors of a.
2, 223
Let z be -1 + -2 + (5 - -9). Let j = -7 + z. Suppose -j*r + 54 = 3*i, -i - 10 = 5*r - 39. List the prime factors of i.
2, 7
Suppose 1025 - 290 = 7*g. Suppose -4*r + c + 802 - g = 0, -2*r - 4*c = -344. List the prime factors of (r/(-8))/((-3)/8).
2, 29
Let d = 4 - 2. Suppose 3*b - d*w = -6, -3*b + 0*w = w + 15. Let v(u) = 3*u**2 + 3*u - 4. List the prime factors of v(b).
2
Suppose 0 = -20*t + 624 + 14676. List the prime factors of t.
3, 5, 17
Suppose v - 10139 = -5*q + 2211, -4*q + 9861 = -3*v. List the prime factors of q.
3, 823
Let n = -14 - -10. List the prime factors of (-2)/(n/(-80)*-1).
2, 5
Let f(w) = 10*w + 7*w**2 - 2*w**2 + 8*w**2 - 6*w**2 + 10. What are the prime factors of f(-5)?
3, 5
Suppose 0 = -2*q + q + 3. Let i be (1 + 13)*(-1)/(-2). Suppose q*y = -1 + i. What are the prime factors of y?
2
Suppose 3*f - 5*k = 1919, 642 = f - 6*k + 2*k. List the prime factors of f.
2, 11, 29
Let k = -102 + 56. Let w = 80 - k. Suppose 3*g - w = -2*q, -3*g + q + 129 = 4*q. List the prime factors of g.
2, 5
Suppose -108*y + 1540 = -101*y. What are the prime factors of y?
2, 5, 11
Let h = 15 - 15. Suppose -6*i + 300 = -h*i. What are the prime factors of i?
2, 5
Let m(s) = s**3 - 4*s + 29. List the prime factors of m(9).
2, 19
Let b(o) = 3*o**2 + o - 2. Let j be b(-2). Let m be 2/6*(-9)/(-1). Suppose 4*y - j - 46 = -2*s, m*s = y - 3. List the prime factors of y.
2, 3
Let v = 111 - -541. What are the prime factors of v?
2, 163
Suppose 50*x - 51*x + 1274 = 0. What are the prime factors of x?
2, 7, 13
Let z(t) = t**2 + 5*t - 1. Let d be z(-4). Suppose -9*l = -0*l - 27. What are the prime factors of l*-1 + (-60)/d?
3
Let s(z) = -z**2 + z + 15. Let p be s(-3). Let m = 228 + p. List the prime factors of m.
3, 7, 11
Suppose -8*h + 7*h + 547 = -4*j, 3*h - 1686 = -3*j. What are the prime factors of h?
13, 43
Let f(n) = -2*n + 19. Let m be f(8). Suppose -2*s + m*a = -356, -2*a + 3*a = 0. List the prime factors of s.
2, 89
Let k(q) = -2*q + 0*q + 4*q + 12 - q. Let s be k(-12). Suppose s = -0*b - 5*b + 200. List the prime factors of b.
2, 5
Let v = 2 - 6. Let f = 6 - v. Let g = f - 8. What are the prime factors of g?
2
Suppose -4*b = 3*j + j - 10476, -b = -j - 2623. What are the prime factors of b?
2621
Let x = 864 + -332. Let q = x - 302. List the prime factors of q.
2, 5, 23
Let c = -490 - -2867. What are the prime factors of c?
2377
Let q(g) = 43*g**2 + 7*g - 33. What are the prime factors of q(3)?
3, 5
Let u(q) = 30*q**3 - q**2 - q. Let j be u(-1). Let k be ((-20)/j)/(2/(-3)). List the prime factors of 2*(3 - k/(-1)).
2
Suppose 4*w + 166 = -4*r + 5*r, 5*r = -10. Suppose 1 = -2*v - 3*f + 2*f, 4*v - 3*f - 23 = 0. List the prime factors of v/(-7) + (-936)/w.
2, 11
Suppose 3*r = 2*r. Suppose 2*z + z + 2*d = 13, -4*z - 3*d + 18 = 0. Suppose r = -z*n + t + 220, -2*t = 4 + 4. List the prime factors of n.
2, 3
Let k be (-3)/(2*(-1)/26). Let p = k - 24. Let o = p + -6. List the prime factors of o.
3
Let v be ((-10)/(-6))/(22/132). Suppose -v = -2*j - 4. List the prime factors of j.
3
Let l = -787 - -1544. List the prime factors of l.
757
Suppose -69*l + 70*l = 0. Suppose l = -z - 4*v - 1 + 9, -3*v = 2*z - 31. What are the prime factors of z?
2, 5
Let m(o) = 2 - o**2 - 1 - 1 + 2 + o**3. Let z be 28/13 + (-6)/39. What are the prime factors of m(z)?
2, 3
Let t = 57 - 2. Suppose t = 2*i - 61. List the prime factors of i.
2, 29
Let t(c) = -c. Let i be t(6). Let m be (i/(-3))/(6/9). Let h(r) = 5*r**2 + 2*r - 3. What are the prime factors of h(m)?
2, 3
Let w be (-180)/16 - 3/(-12). Let a = -9 - w. Let o(j) = 5*j**2 - 2*j. What are the prime factors of o(a)?
2
Suppose -5*g + 1108 = -457. List the prime factors of g.
313
Let q(u) be the second derivative of -7*u**5/5 - u**4/12 + 5*u. Let h be q(-1). Suppose -6*a + h = -3*a. What are the prime factors of a?
3
Let k be (-8)/(-8)*5*5. Suppose -4*h + k = 5*r, -2*r - 6 = -h - 3*r. Suppose -z - 2*v + 72 = -v, -h*z - v = -356. List the prime factors of z.
71
Let d(m) be the first derivative of -13*m**2/2 + 2*m - 1. Suppose t - 6 = -g + 3*g, -3*g - 14 = t. What are the prime factors of d(t)?
2, 7
What are the prime factors of (-832)/130*(4628/(-8) - -1)?
2, 3, 7, 11
Let n(h) = -h**3 + 2*h**2 + 4*h + 4. Let i be n(4). Let p = 7 - i. List the prime factors of p.
19
Let w(o) = -o**3 + 21*o**2 + 26*o + 10. What are the prime factors of w(20)?
2, 3, 5, 31
Let s = -6 + 8. Let j(o) = o**3 + o + 2*o**2 + 10 + 7 + 2*o**2 - 5*o**s. List the prime factors of j(0).
17
Let v(l) = -l**3 + 92. Let b(k) = k**3 - 7*k**2 - k + 7. Let o be b(7). What are the prime factors of v(o)?
2, 23
Suppose 0*q - q = 3*r, 2*q - 3*r = 9. Let w(u) = -u + 1. Let t be w(q). What are the prime factors of t/(-2)*(22 + 8)?
2, 3, 5
Suppose -4*l + 306 + 1098 = -2*p, 5*p = -20. List the prime factors of l.
349
Let i be (1/2)/(25/6 - 4). Suppose -19 - 44 = -i*m. What are the prime factors of m?
3, 7
List the prime factors of (-10)/(6 - 1) - (-1 - 92).
7, 13
Suppose w - 1592 = -3*m + 348, -2*w + 10 = 0. List the prime factors of m.
3, 5, 43
Suppose 8*c = c - 21. What are the prime factors of (-2)/((-36)/906) + 1/c?
2, 5
Suppose 60 = -0*d + 5*d. Let m be (0 - 19/(-5)) + (-8)/10. List the prime factors of 260/d*m + -3.
2, 31
Suppose -k = -0*k - 3*c - 39, 3*k - 3*c - 147 = 0. Suppose -3*b - 4*z = 2*b - 163, 0 = -2*b + 4*z + k. List the prime factors of b.
31
Let x(n) = -n**3 